 is the tens digit of (r*3/(-1))/(18/204)?
3
Let d = 47753 - 26189. Suppose 30*p - d = 16566. What is the units digit of p?
1
Let i(n) = -4 + 2*n**2 + 0 - 2*n + 11*n. Let c be -42*(-9 - 1)/(-60). What is the tens digit of i(c)?
3
Suppose 5*n - 5*t = 412795, 0 = 4*n + 3*t - 146524 - 183670. What is the hundreds digit of n?
5
Suppose 0 = 3*t - 3*r - 0*r - 6738, -3*t + 6762 = 5*r. Suppose 5*h - t = -c, -c - 61 = -5*h + 2180. What is the tens digit of h?
4
Suppose -5*h - 2*t + 4*t = 273, -2*h = 2*t + 112. Let m = 132 - h. Suppose z - 3*z - m = -3*d, 4*d + 5*z - 234 = 0. What is the tens digit of d?
6
Let b be (-4 - -1)*(-34)/6. Let z(g) = -g**3 - 20*g**2 - 8*g - 103. Let h be z(-20). Let x = h - b. What is the units digit of x?
0
Suppose 0 = 37*q - 23*q - 3500. Suppose q = 5*l - 5600. What is the tens digit of l?
7
Suppose 0 = 3*u + 4*y - 20786, 0 = -u + 4*y + 1632 + 5270. What is the tens digit of u?
2
Let g(v) = -43 - v**3 + 30 - 44 + v**2 + 5*v - 4*v. Let z be g(0). Let i = 73 + z. What is the tens digit of i?
1
Suppose -1152000 = -4*o - 48*o - 12*o. What is the units digit of o?
0
Suppose c - 7*v - 23 = -2*v, 2*c + 4*v + 10 = 0. Suppose 11*d - 344 = c*d. Let r = -22 + d. What is the units digit of r?
1
Suppose -2*r - 4*v + 6934 = 0, -r = -13*v + 14*v - 3466. What is the tens digit of r?
6
Let m(k) = k**2 + 7*k + 14. Let q be m(-6). Let d be q/(-12)*-258 - -3. What is the tens digit of 10*(-7)/(d/(-45))?
1
Suppose p - z - 100 = 0, -2*p - 4*z + 307 = p. Suppose -446 + p = -v. What is the hundreds digit of v?
3
What is the units digit of ((-4527)/8)/((-66)/572) - (-3)/4?
5
Let u(m) = 85 + 48*m**2 - 48*m**2 - m + 0*m**3 + m**3. Let g = 42 - 42. What is the tens digit of u(g)?
8
Let q be (7 - 6)*4 - (0 + 294). Let l = q - -302. What is the units digit of l?
2
Let k(j) = j**3 + 4*j**2 - j - 1. Let w be k(-4). Suppose 3*n - l - w = 27, -5*l = -n - 4. Suppose -n*o + 13*o - 98 = 0. What is the units digit of o?
9
Let u be (-6)/(-9) - 9/(54/(-1304)). Let c = u + 138. What is the units digit of c?
6
Let n = 3055 + -5543. Let k be ((-36)/8 - -3)*n/6. Let l = 907 - k. What is the units digit of l?
5
Suppose 4*o - 255003 = -2*l + 95755, l = -5*o + 438446. What is the tens digit of o?
8
Let y(f) = 15*f**3 + 8*f**2 + 8*f + 78. Let q(r) = 17*r**3 + 7*r**2 + 7*r + 78. Let g(l) = 6*q(l) - 7*y(l). What is the hundreds digit of g(-10)?
6
Let u = -68418 + 127979. What is the units digit of u?
1
Let c = -3868 + 14598. What is the thousands digit of c?
0
Suppose -4528 = -4*b - o + 30214, 43429 = 5*b + o. What is the tens digit of b?
8
Let s = -188 + 191. Suppose 2*i - 94 = -s*k + 767, i - 286 = -k. What is the tens digit of k?
8
Let f = 142 - 140. What is the units digit of -15 - -17 - 1*(-292)/f?
8
Let y = 224 - 221. Let a(z) be the second derivative of z**5/5 - z**4/4 + z**3/6 + z**2 + 3*z. What is the units digit of a(y)?
6
Let n = -3 - 5. Let o(m) = -10*m - 24. Let b be o(n). Suppose l - b = 85. What is the units digit of l?
1
Let k = -24 - -15. Let h = 510 + k. What is the hundreds digit of h?
5
Let y be (-91)/(-39)*(-2 + 5). Suppose 0 = -7*o - 28 + y. What is the units digit of (o - (-4 + 3)) + 19?
7
Suppose -2*n + 4*y + 8 = 6*y, 3*n - 12 = 5*y. Suppose 5*p = -2*a + 3*a - 138, -n*p = 12. What is the units digit of a?
3
Suppose 7*m - 694320 = -8*m. Suppose -14*r = 8*r - m. Suppose 63*d - 55*d - r = 0. What is the units digit of d?
3
Suppose 16*b - 22*b + 12 = 0. Suppose l + b*u - 53 = 12, 4*u = 2*l - 98. What is the units digit of l?
7
Let s = -3077 - -6366. What is the tens digit of s?
8
Let o(s) be the second derivative of -22*s**3/3 - 297*s**2/2 - s + 47. What is the units digit of o(-13)?
5
Let a(y) = y**2 - 5*y - 5. Let q be a(8). Let v = 17 - q. What is the units digit of (-2 - 39/1)/(1/v)?
2
Let g = 438 + -447. Let w(x) = 6*x**2 + 31*x + 30. What is the units digit of w(g)?
7
Suppose 0*m + q + 269 = 3*m, -5*q = -2*m + 175. Let l be m/36*(-4)/(-10). Suppose -2*x - l = -13. What is the units digit of x?
6
Suppose 2*v - 6468 = -m, -11*m + 12*m = -3*v + 9704. What is the tens digit of v?
3
Let f(z) = -4*z**3 - 10*z**2 + 23*z - 119. What is the units digit of f(-12)?
7
Let y be (54/8)/((-6)/(-112)). Suppose -4 = c - x - 0*x, -c - 8 = -3*x. What is the tens digit of 0 - -2 - c*y/4?
6
Suppose -36894 = -9*q + 33758 + 25216. What is the units digit of q?
2
Let v be 79 - 73 - -758*2. Let s = 2874 - v. What is the units digit of s?
2
Suppose -z - 4*f + 469 = 0, 0*f = 2*z + 3*f - 933. Let j = 480 - z. What is the units digit of j?
5
Suppose -5*n = 34*o - 29*o - 39250, 5*n = o - 7820. What is the thousands digit of o?
7
Suppose 16*h = 23*h - 18683. What is the thousands digit of h?
2
Let g be 198/(-77)*(-14)/(-4)*-2. Let p(j) = 2*j**2 - 18*j - 16 + 43*j - g*j. What is the hundreds digit of p(-11)?
1
Suppose -4*o + 66486 = 3*g - 165348, 2*o - 3*g - 115944 = 0. What is the ten thousands digit of o?
5
Let x = -44 - -17. Let h = -24 - x. Suppose g + 1 - 32 = -z, g - 83 = -h*z. What is the tens digit of z?
2
Let r(j) = -11*j**2 - 3*j**3 + 2*j**3 + j + 12 - j**2. Let v be r(-12). Let c = 63 + v. What is the units digit of c?
3
What is the thousands digit of 112/280*-120*(-507)/2?
2
Suppose 4*r + 95*x - 3712 = 90*x, -6*r + 5568 = -2*x. What is the tens digit of r?
2
Let k(r) = r**3 + 7*r**2 + 199*r - 402*r + 9*r**2 + 6 + 217*r. Let t be (2 + 18/(-4))*6. What is the tens digit of k(t)?
2
What is the hundreds digit of 135/3*(-60847)/(-213)?
8
Let u(d) = 73129*d**3 - 309*d**2 + 312*d - 1. What is the ten thousands digit of u(1)?
7
What is the tens digit of (72/(-252) + -1 + 4/14)*-10121?
2
Let y = -1245 - -1879. Let v = y + -396. What is the hundreds digit of v?
2
Let l = 703 + -657. What is the thousands digit of (-1450)/(-35)*(l - 11)?
1
Let v(j) = -4*j - 21. Let w(l) = 7*l + 42. Let m(k) = 9*v(k) + 4*w(k). Let i = -48 + 42. What is the tens digit of m(i)?
2
Let u(p) = 1108*p**2 + 23*p - 6. What is the units digit of u(6)?
0
What is the units digit of (255954/(-232))/((-12)/112)?
7
Suppose -d + 34368 = 3*j, 5*j + 375*d - 57280 = 377*d. What is the hundreds digit of j?
4
Let z = 325 + -327. What is the thousands digit of z/(-9) + (12580/9 - 4)?
1
Let k(p) = -10*p + 77. Let a(j) = 3*j - 26. Let v(s) = 7*a(s) + 2*k(s). Let g be v(18). What is the units digit of (1 - 6)*(-11 - g)?
5
Let m(k) = -277*k**3 - 3*k - 3. Suppose 0*l = -2*l - 4. Let t be m(l). What is the tens digit of (0 - 2/15) + t/105?
2
Let a = 71200 + -10591. What is the tens digit of a?
0
What is the hundreds digit of 8/156 + (-72406500)/(-2340)?
9
Suppose -n + 2712 = 5*n. Suppose 896 = 3*w + 2*i - 500, -2*i - n = -w. What is the hundreds digit of w?
4
Suppose 2*c + 5*i + 60 = -0*c, -2*c = -5*i + 40. What is the units digit of -215*(195/c - -6)?
7
Let b(k) = 4*k - 2 + 0 - 45*k. Let w be 16/28 - (-66)/(-42). What is the units digit of b(w)?
9
Suppose 18*h - 35 = 23*h. Let d(s) = -2*s - 9. Let f be d(h). What is the tens digit of ((-72)/(2 - f))/(3 - 2)?
2
Suppose -773 - 117 = -10*x. Let o = x + -79. What is the tens digit of o?
1
What is the hundreds digit of ((-192072)/(-36))/(-1*3/(-4 - 5))?
0
Let s(u) = -13*u**2 + 16*u**2 - u - 82 + 93. Let w be (-10)/3*(-6)/4. What is the units digit of s(w)?
1
Let t be 2/(-1) + 5 + -1. Suppose 16 = 4*q, -z + t*q = -q - 101. What is the units digit of z?
3
What is the tens digit of (-286)/627*-41961 - (-6)/(-57)?
4
Suppose 5*g = 4*v - 165604, -28*v + 29*v + g - 41410 = 0. What is the units digit of v?
6
Let v(a) = 3*a - 15. Let f be v(6). Let g(s) = 14*s**f + s + 5 + 2*s**2 - 2 - 21*s**3. What is the units digit of g(-2)?
5
Let g = 8 + -42. Let q = g - 44. Let c = 204 + q. What is the tens digit of c?
2
Let g be (-3)/(3 - 0) - (2 - 1). Let k be (-1)/g*(-2 - -2)/(-3). Suppose -4*z + k*z + 20 = 0, -4*x + 3*z = -157. What is the units digit of x?
3
Let c = -88 - -92. Suppose -c*a + 632 = 4*g - 0*a, -798 = -5*g - 3*a. What is the hundreds digit of g?
1
Suppose -6*k + 25 = -5. Suppose k*w - 4*f = 593, w - 64 = 3*f + 59. What is the tens digit of w?
1
Let i(m) = -m**3 + 15*m**2 + m - 17. Let q be i(15). Let l(s) = 43*s + 10. Let g be l(q). Let d = g + 145. What is the tens digit of d?
6
Suppose -1503 = 20*w - 323. Let q = w + 424. What is the hundreds digit of q?
3
Let k be (-40)